{"id":23,"date":"2022-02-20T00:26:30","date_gmt":"2022-02-20T00:26:30","guid":{"rendered":"https:\/\/claip.org\/prueba\/?page_id=23"},"modified":"2022-03-21T01:20:56","modified_gmt":"2022-03-21T01:20:56","slug":"noticias","status":"publish","type":"page","link":"https:\/\/parlamentario-iberoamericano.org\/?page_id=23","title":{"rendered":"Novedades"},"content":{"rendered":"\t\t<div data-elementor-type=\"wp-page\" data-elementor-id=\"23\" class=\"elementor elementor-23\">\n\t\t\t\t\t\t<section class=\"elementor-section elementor-top-section elementor-element elementor-element-91db287 elementor-section-content-middle elementor-section-boxed elementor-section-height-default elementor-section-height-default\" data-id=\"91db287\" data-element_type=\"section\" data-e-type=\"section\">\n\t\t\t\t\t\t\t<div class=\"elementor-background-overlay\"><\/div>\n\t\t\t\t\t\t\t<div class=\"elementor-container elementor-column-gap-default\">\n\t\t\t\t\t<div class=\"elementor-column elementor-col-100 elementor-top-column elementor-element elementor-element-ce2e04c\" data-id=\"ce2e04c\" data-element_type=\"column\" data-e-type=\"column\">\n\t\t\t<div class=\"elementor-widget-wrap elementor-element-populated\">\n\t\t\t\t\t\t<div class=\"elementor-element elementor-element-600ca0b elementor-widget elementor-widget-heading\" data-id=\"600ca0b\" data-element_type=\"widget\" data-e-type=\"widget\" data-widget_type=\"heading.default\">\n\t\t\t\t<div class=\"elementor-widget-container\">\n\t\t\t\t\t<h2 class=\"elementor-heading-title elementor-size-default\">Novedades<\/h2>\t\t\t\t<\/div>\n\t\t\t\t<\/div>\n\t\t\t\t\t<\/div>\n\t\t<\/div>\n\t\t\t\t\t<\/div>\n\t\t<\/section>\n\t\t\t\t<section class=\"elementor-section elementor-top-section elementor-element elementor-element-97ee72e elementor-section-boxed elementor-section-height-default elementor-section-height-default\" data-id=\"97ee72e\" data-element_type=\"section\" data-e-type=\"section\">\n\t\t\t\t\t\t<div class=\"elementor-container elementor-column-gap-default\">\n\t\t\t\t\t<div class=\"elementor-column elementor-col-100 elementor-top-column elementor-element elementor-element-fa692be\" data-id=\"fa692be\" data-element_type=\"column\" data-e-type=\"column\">\n\t\t\t<div class=\"elementor-widget-wrap elementor-element-populated\">\n\t\t\t\t\t\t<div class=\"elementor-element elementor-element-b7dd99b elementor-grid-eael-col-4 elementor-grid-tablet-eael-col-2 elementor-grid-mobile-eael-col-1 elementor-widget elementor-widget-eael-post-grid\" data-id=\"b7dd99b\" data-element_type=\"widget\" data-e-type=\"widget\" data-settings=\"{&quot;eael_post_grid_columns&quot;:&quot;eael-col-4&quot;,&quot;eael_post_grid_columns_tablet&quot;:&quot;eael-col-2&quot;,&quot;eael_post_grid_columns_mobile&quot;:&quot;eael-col-1&quot;}\" data-widget_type=\"eael-post-grid.default\">\n\t\t\t\t<div class=\"elementor-widget-container\">\n\t\t\t\t\t<div id=\"eael-post-grid-b7dd99b\" class=\"eael-post-grid-container\">\n            <div class=\"eael-post-grid eael-post-appender eael-post-appender-b7dd99b eael-post-grid-style-one\" data-layout-mode=\"masonry\"><article class=\"eael-grid-post  eael-post-grid-column eael-pg-post-1882 category-novedades\" data-id=\"1882\">\n        <div class=\"eael-grid-post-holder\">\n            <div class=\"eael-grid-post-holder-inner\"><div class=\"eael-entry-media\"><div class=\"eael-entry-overlay zoom-in\"><i class=\"fas fa-plus-circle\" aria-hidden=\"true\"><\/i><a href=\"https:\/\/parlamentario-iberoamericano.org\/?p=1882\"><\/a><\/div><div class=\"eael-entry-thumbnail \">\n                <img fetchpriority=\"high\" decoding=\"async\" width=\"300\" height=\"217\" src=\"https:\/\/parlamentario-iberoamericano.org\/wp-content\/uploads\/2023\/03\/16519-300x217.jpg\" class=\"attachment-medium size-medium wp-image-1883\" alt=\"\" srcset=\"https:\/\/parlamentario-iberoamericano.org\/wp-content\/uploads\/2023\/03\/16519-300x217.jpg 300w, https:\/\/parlamentario-iberoamericano.org\/wp-content\/uploads\/2023\/03\/16519-1024x740.jpg 1024w, https:\/\/parlamentario-iberoamericano.org\/wp-content\/uploads\/2023\/03\/16519-768x555.jpg 768w, https:\/\/parlamentario-iberoamericano.org\/wp-content\/uploads\/2023\/03\/16519.jpg 1152w\" sizes=\"(max-width: 300px) 100vw, 300px\" \/>\n            <\/div>\n        <\/div><div class=\"eael-entry-wrapper\"><header class=\"eael-entry-header\"><h2 class=\"eael-entry-title\"><a class=\"eael-grid-post-link\" href=\"https:\/\/parlamentario-iberoamericano.org\/?p=1882\" title=\"Comunicado del IIDP por la situaci\u00f3n en Brasil 2023\">Comunicado del IIDP por la situaci\u00f3n en Brasil 2023<\/a><\/h2><\/header><div class=\"eael-entry-content\">\n                        <div class=\"eael-grid-post-excerpt\"><p><\/p><a href=\"https:\/\/parlamentario-iberoamericano.org\/?p=1882\" class=\"eael-post-elements-readmore-btn\">Leer M\u00e1s<\/a><\/div>\n                    <\/div><\/div><\/div>\n        <\/div>\n    <\/article><article class=\"eael-grid-post  eael-post-grid-column eael-pg-post-1863 category-novedades\" data-id=\"1863\">\n        <div class=\"eael-grid-post-holder\">\n            <div class=\"eael-grid-post-holder-inner\"><div class=\"eael-entry-media\"><div class=\"eael-entry-overlay zoom-in\"><i class=\"fas fa-plus-circle\" aria-hidden=\"true\"><\/i><a href=\"https:\/\/parlamentario-iberoamericano.org\/?p=1863\"><\/a><\/div><div class=\"eael-entry-thumbnail \">\n                <img decoding=\"async\" width=\"183\" height=\"300\" src=\"https:\/\/parlamentario-iberoamericano.org\/wp-content\/uploads\/2022\/12\/12304-183x300.jpg\" class=\"attachment-medium size-medium wp-image-1864\" alt=\"\" srcset=\"https:\/\/parlamentario-iberoamericano.org\/wp-content\/uploads\/2022\/12\/12304-183x300.jpg 183w, https:\/\/parlamentario-iberoamericano.org\/wp-content\/uploads\/2022\/12\/12304-626x1024.jpg 626w, https:\/\/parlamentario-iberoamericano.org\/wp-content\/uploads\/2022\/12\/12304-768x1256.jpg 768w, https:\/\/parlamentario-iberoamericano.org\/wp-content\/uploads\/2022\/12\/12304-939x1536.jpg 939w, https:\/\/parlamentario-iberoamericano.org\/wp-content\/uploads\/2022\/12\/12304.jpg 1014w\" sizes=\"(max-width: 183px) 100vw, 183px\" \/>\n            <\/div>\n        <\/div><div class=\"eael-entry-wrapper\"><header class=\"eael-entry-header\"><h2 class=\"eael-entry-title\"><a class=\"eael-grid-post-link\" href=\"https:\/\/parlamentario-iberoamericano.org\/?p=1863\" title=\"Acuerdo Constitucional por Chile 2022\">Acuerdo Constitucional por Chile 2022<\/a><\/h2><\/header><div class=\"eael-entry-content\">\n                        <div class=\"eael-grid-post-excerpt\"><p><\/p><a href=\"https:\/\/parlamentario-iberoamericano.org\/?p=1863\" class=\"eael-post-elements-readmore-btn\">Leer M\u00e1s<\/a><\/div>\n                    <\/div><\/div><\/div>\n        <\/div>\n    <\/article><article class=\"eael-grid-post  eael-post-grid-column eael-pg-post-788 category-novedades\" data-id=\"788\">\n        <div class=\"eael-grid-post-holder\">\n            <div class=\"eael-grid-post-holder-inner\"><div class=\"eael-entry-media\"><div class=\"eael-entry-overlay zoom-in\"><i class=\"fas fa-plus-circle\" aria-hidden=\"true\"><\/i><a href=\"https:\/\/parlamentario-iberoamericano.org\/?p=788\"><\/a><\/div><div class=\"eael-entry-thumbnail \">\n                <img decoding=\"async\" width=\"300\" height=\"200\" src=\"https:\/\/parlamentario-iberoamericano.org\/wp-content\/uploads\/2022\/03\/santiago01-300x200.png\" class=\"attachment-medium size-medium wp-image-799\" alt=\"\" srcset=\"https:\/\/parlamentario-iberoamericano.org\/wp-content\/uploads\/2022\/03\/santiago01-300x200.png 300w, https:\/\/parlamentario-iberoamericano.org\/wp-content\/uploads\/2022\/03\/santiago01-768x512.png 768w, https:\/\/parlamentario-iberoamericano.org\/wp-content\/uploads\/2022\/03\/santiago01.png 930w\" sizes=\"(max-width: 300px) 100vw, 300px\" \/>\n            <\/div>\n        <\/div><div class=\"eael-entry-wrapper\"><header class=\"eael-entry-header\"><h2 class=\"eael-entry-title\"><a class=\"eael-grid-post-link\" href=\"https:\/\/parlamentario-iberoamericano.org\/?p=788\" title=\"Santiago es la primera provincia del NOA en implementar el juicio oral penal de forma virtual\">Santiago es la primera provincia del NOA en implementar el juicio oral penal de forma virtual<\/a><\/h2><\/header><div class=\"eael-entry-content\">\n                        <div class=\"eael-grid-post-excerpt\"><p>Santiago es la primera provincia del NOA en implementar el juicio oral penal de forma virtual 29\/04\/2020 \u2013 Este mi\u00e9rcoles se realiz\u00f3 una audiencia virtual donde<\/p><a href=\"https:\/\/parlamentario-iberoamericano.org\/?p=788\" class=\"eael-post-elements-readmore-btn\">Leer M\u00e1s<\/a><\/div>\n                    <\/div><\/div><\/div>\n        <\/div>\n    <\/article><article class=\"eael-grid-post  eael-post-grid-column eael-pg-post-643 category-novedades\" data-id=\"643\">\n        <div class=\"eael-grid-post-holder\">\n            <div class=\"eael-grid-post-holder-inner\"><div class=\"eael-entry-media\"><div class=\"eael-entry-overlay zoom-in\"><i class=\"fas fa-plus-circle\" aria-hidden=\"true\"><\/i><a href=\"https:\/\/parlamentario-iberoamericano.org\/?p=643\"><\/a><\/div><div class=\"eael-entry-thumbnail \">\n                <img loading=\"lazy\" decoding=\"async\" width=\"300\" height=\"200\" src=\"https:\/\/parlamentario-iberoamericano.org\/wp-content\/uploads\/2022\/03\/thumb02-300x200.png\" class=\"attachment-medium size-medium wp-image-646\" alt=\"\" srcset=\"https:\/\/parlamentario-iberoamericano.org\/wp-content\/uploads\/2022\/03\/thumb02-300x200.png 300w, https:\/\/parlamentario-iberoamericano.org\/wp-content\/uploads\/2022\/03\/thumb02-768x512.png 768w, https:\/\/parlamentario-iberoamericano.org\/wp-content\/uploads\/2022\/03\/thumb02.png 930w\" sizes=\"(max-width: 300px) 100vw, 300px\" \/>\n            <\/div>\n        <\/div><div class=\"eael-entry-wrapper\"><header class=\"eael-entry-header\"><h2 class=\"eael-entry-title\"><a class=\"eael-grid-post-link\" href=\"https:\/\/parlamentario-iberoamericano.org\/?p=643\" title=\"Lanzamiento del Libro: Covid-19 y Estados en acci\u00f3n\">Lanzamiento del Libro: Covid-19 y Estados en acci\u00f3n<\/a><\/h2><\/header><div class=\"eael-entry-content\">\n                        <div class=\"eael-grid-post-excerpt\"><p>Lanzamiento del Libro: Covid-19 y Estados en acci\u00f3n Desde el Programa Estado de Derecho para Latinoam\u00e9rica de la Fundaci\u00f3n Konrad Adenauer, junto con la editorial Tirant<\/p><a href=\"https:\/\/parlamentario-iberoamericano.org\/?p=643\" class=\"eael-post-elements-readmore-btn\">Leer M\u00e1s<\/a><\/div>\n                    <\/div><\/div><\/div>\n        <\/div>\n    <\/article><\/div>\n            <div class=\"clearfix\"><\/div>\n        <\/div>\t\t\t\t<\/div>\n\t\t\t\t<\/div>\n\t\t\t\t\t<\/div>\n\t\t<\/div>\n\t\t\t\t\t<\/div>\n\t\t<\/section>\n\t\t\t\t<\/div>\n\t\t","protected":false},"excerpt":{"rendered":"<p>Novedades Santiago es la primera provincia del NOA en implementar el juicio oral penal de forma virtual Santiago es la primera provincia del NOA en implementar el juicio oral penal de forma virtual 29\/04\/2020 \u2013 Este mi\u00e9rcoles se realiz\u00f3 una audiencia virtual donde Leer M\u00e1s Lanzamiento del Libro: Covid-19 y Estados en acci\u00f3n Lanzamiento del&hellip;&nbsp;<a href=\"https:\/\/parlamentario-iberoamericano.org\/?p=643\" rel=\"bookmark\">Leer m\u00e1s &raquo;<span class=\"screen-reader-text\">Lanzamiento del Libro: Covid-19 y Estados en acci\u00f3n<\/span><\/a><\/p>\n","protected":false},"author":2,"featured_media":0,"parent":0,"menu_order":0,"comment_status":"closed","ping_status":"closed","template":"page-templates\/template-pagebuilder-full-width.php","meta":{"neve_meta_sidebar":"","neve_meta_container":"","neve_meta_enable_content_width":"off","neve_meta_content_width":100,"neve_meta_title_alignment":"","neve_meta_author_avatar":"","neve_post_elements_order":"","neve_meta_disable_header":"","neve_meta_disable_footer":"","neve_meta_disable_title":"","footnotes":""},"class_list":["post-23","page","type-page","status-publish","hentry"],"_links":{"self":[{"href":"https:\/\/parlamentario-iberoamericano.org\/index.php?rest_route=\/wp\/v2\/pages\/23","targetHints":{"allow":["GET"]}}],"collection":[{"href":"https:\/\/parlamentario-iberoamericano.org\/index.php?rest_route=\/wp\/v2\/pages"}],"about":[{"href":"https:\/\/parlamentario-iberoamericano.org\/index.php?rest_route=\/wp\/v2\/types\/page"}],"author":[{"embeddable":true,"href":"https:\/\/parlamentario-iberoamericano.org\/index.php?rest_route=\/wp\/v2\/users\/2"}],"replies":[{"embeddable":true,"href":"https:\/\/parlamentario-iberoamericano.org\/index.php?rest_route=%2Fwp%2Fv2%2Fcomments&post=23"}],"version-history":[{"count":77,"href":"https:\/\/parlamentario-iberoamericano.org\/index.php?rest_route=\/wp\/v2\/pages\/23\/revisions"}],"predecessor-version":[{"id":1022,"href":"https:\/\/parlamentario-iberoamericano.org\/index.php?rest_route=\/wp\/v2\/pages\/23\/revisions\/1022"}],"wp:attachment":[{"href":"https:\/\/parlamentario-iberoamericano.org\/index.php?rest_route=%2Fwp%2Fv2%2Fmedia&parent=23"}],"curies":[{"name":"wp","href":"https:\/\/api.w.org\/{rel}","templated":true}]}}

<div data-elementor-type="wp-page" data-elementor-id="23" class="elementor elementor-23">
						<section class="elementor-section elementor-top-section elementor-element elementor-element-91db287 elementor-section-content-middle elementor-section-boxed elementor-section-height-default elementor-section-height-default" data-id="91db287" data-element_type="section" data-e-type="section">
							<div class="elementor-background-overlay"></div>
							<div class="elementor-container elementor-column-gap-default">
					<div class="elementor-column elementor-col-100 elementor-top-column elementor-element elementor-element-ce2e04c" data-id="ce2e04c" data-element_type="column" data-e-type="column">
			<div class="elementor-widget-wrap elementor-element-populated">
						<div class="elementor-element elementor-element-600ca0b elementor-widget elementor-widget-heading" data-id="600ca0b" data-element_type="widget" data-e-type="widget" data-widget_type="heading.default">
				<div class="elementor-widget-container">
					<h2 class="elementor-heading-title elementor-size-default">Novedades</h2>				</div>
				</div>
					</div>
		</div>
					</div>
		</section>
				<section class="elementor-section elementor-top-section elementor-element elementor-element-97ee72e elementor-section-boxed elementor-section-height-default elementor-section-height-default" data-id="97ee72e" data-element_type="section" data-e-type="section">
						<div class="elementor-container elementor-column-gap-default">
					<div class="elementor-column elementor-col-100 elementor-top-column elementor-element elementor-element-fa692be" data-id="fa692be" data-element_type="column" data-e-type="column">
			<div class="elementor-widget-wrap elementor-element-populated">
						<div class="elementor-element elementor-element-b7dd99b elementor-grid-eael-col-4 elementor-grid-tablet-eael-col-2 elementor-grid-mobile-eael-col-1 elementor-widget elementor-widget-eael-post-grid" data-id="b7dd99b" data-element_type="widget" data-e-type="widget" data-settings="{&quot;eael_post_grid_columns&quot;:&quot;eael-col-4&quot;,&quot;eael_post_grid_columns_tablet&quot;:&quot;eael-col-2&quot;,&quot;eael_post_grid_columns_mobile&quot;:&quot;eael-col-1&quot;}" data-widget_type="eael-post-grid.default">
				<div class="elementor-widget-container">
					<div id="eael-post-grid-b7dd99b" class="eael-post-grid-container">
            <div class="eael-post-grid eael-post-appender eael-post-appender-b7dd99b eael-post-grid-style-one" data-layout-mode="masonry"><article class="eael-grid-post  eael-post-grid-column eael-pg-post-1882 category-novedades" data-id="1882">
        <div class="eael-grid-post-holder">
            <div class="eael-grid-post-holder-inner"><div class="eael-entry-media"><div class="eael-entry-overlay zoom-in"><i class="fas fa-plus-circle" aria-hidden="true"></i><a href="https://parlamentario-iberoamericano.org/?p=1882"></a></div><div class="eael-entry-thumbnail ">
                <img fetchpriority="high" decoding="async" width="300" height="217" src="https://parlamentario-iberoamericano.org/wp-content/uploads/2023/03/16519-300x217.jpg" class="attachment-medium size-medium wp-image-1883" alt="" srcset="https://parlamentario-iberoamericano.org/wp-content/uploads/2023/03/16519-300x217.jpg 300w, https://parlamentario-iberoamericano.org/wp-content/uploads/2023/03/16519-1024x740.jpg 1024w, https://parlamentario-iberoamericano.org/wp-content/uploads/2023/03/16519-768x555.jpg 768w, https://parlamentario-iberoamericano.org/wp-content/uploads/2023/03/16519.jpg 1152w" sizes="(max-width: 300px) 100vw, 300px" />
            </div>
        </div><div class="eael-entry-wrapper"><header class="eael-entry-header"><h2 class="eael-entry-title"><a class="eael-grid-post-link" href="https://parlamentario-iberoamericano.org/?p=1882" title="Comunicado del IIDP por la situación en Brasil 2023">Comunicado del IIDP por la situación en Brasil 2023</a></h2></header><div class="eael-entry-content">
                        <div class="eael-grid-post-excerpt"><p></p><a href="https://parlamentario-iberoamericano.org/?p=1882" class="eael-post-elements-readmore-btn">Leer Más</a></div>
                    </div></div></div>
        </div>
    </article><article class="eael-grid-post  eael-post-grid-column eael-pg-post-1863 category-novedades" data-id="1863">
        <div class="eael-grid-post-holder">
            <div class="eael-grid-post-holder-inner"><div class="eael-entry-media"><div class="eael-entry-overlay zoom-in"><i class="fas fa-plus-circle" aria-hidden="true"></i><a href="https://parlamentario-iberoamericano.org/?p=1863"></a></div><div class="eael-entry-thumbnail ">
                <img decoding="async" width="183" height="300" src="https://parlamentario-iberoamericano.org/wp-content/uploads/2022/12/12304-183x300.jpg" class="attachment-medium size-medium wp-image-1864" alt="" srcset="https://parlamentario-iberoamericano.org/wp-content/uploads/2022/12/12304-183x300.jpg 183w, https://parlamentario-iberoamericano.org/wp-content/uploads/2022/12/12304-626x1024.jpg 626w, https://parlamentario-iberoamericano.org/wp-content/uploads/2022/12/12304-768x1256.jpg 768w, https://parlamentario-iberoamericano.org/wp-content/uploads/2022/12/12304-939x1536.jpg 939w, https://parlamentario-iberoamericano.org/wp-content/uploads/2022/12/12304.jpg 1014w" sizes="(max-width: 183px) 100vw, 183px" />
            </div>
        </div><div class="eael-entry-wrapper"><header class="eael-entry-header"><h2 class="eael-entry-title"><a class="eael-grid-post-link" href="https://parlamentario-iberoamericano.org/?p=1863" title="Acuerdo Constitucional por Chile 2022">Acuerdo Constitucional por Chile 2022</a></h2></header><div class="eael-entry-content">
                        <div class="eael-grid-post-excerpt"><p></p><a href="https://parlamentario-iberoamericano.org/?p=1863" class="eael-post-elements-readmore-btn">Leer Más</a></div>
                    </div></div></div>
        </div>
    </article><article class="eael-grid-post  eael-post-grid-column eael-pg-post-788 category-novedades" data-id="788">
        <div class="eael-grid-post-holder">
            <div class="eael-grid-post-holder-inner"><div class="eael-entry-media"><div class="eael-entry-overlay zoom-in"><i class="fas fa-plus-circle" aria-hidden="true"></i><a href="https://parlamentario-iberoamericano.org/?p=788"></a></div><div class="eael-entry-thumbnail ">
                <img decoding="async" width="300" height="200" src="https://parlamentario-iberoamericano.org/wp-content/uploads/2022/03/santiago01-300x200.png" class="attachment-medium size-medium wp-image-799" alt="" srcset="https://parlamentario-iberoamericano.org/wp-content/uploads/2022/03/santiago01-300x200.png 300w, https://parlamentario-iberoamericano.org/wp-content/uploads/2022/03/santiago01-768x512.png 768w, https://parlamentario-iberoamericano.org/wp-content/uploads/2022/03/santiago01.png 930w" sizes="(max-width: 300px) 100vw, 300px" />
            </div>
        </div><div class="eael-entry-wrapper"><header class="eael-entry-header"><h2 class="eael-entry-title"><a class="eael-grid-post-link" href="https://parlamentario-iberoamericano.org/?p=788" title="Santiago es la primera provincia del NOA en implementar el juicio oral penal de forma virtual">Santiago es la primera provincia del NOA en implementar el juicio oral penal de forma virtual</a></h2></header><div class="eael-entry-content">
                        <div class="eael-grid-post-excerpt"><p>Santiago es la primera provincia del NOA en implementar el juicio oral penal de forma virtual 29/04/2020 – Este miércoles se realizó una audiencia virtual donde</p><a href="https://parlamentario-iberoamericano.org/?p=788" class="eael-post-elements-readmore-btn">Leer Más</a></div>
                    </div></div></div>
        </div>
    </article><article class="eael-grid-post  eael-post-grid-column eael-pg-post-643 category-novedades" data-id="643">
        <div class="eael-grid-post-holder">
            <div class="eael-grid-post-holder-inner"><div class="eael-entry-media"><div class="eael-entry-overlay zoom-in"><i class="fas fa-plus-circle" aria-hidden="true"></i><a href="https://parlamentario-iberoamericano.org/?p=643"></a></div><div class="eael-entry-thumbnail ">
                <img loading="lazy" decoding="async" width="300" height="200" src="https://parlamentario-iberoamericano.org/wp-content/uploads/2022/03/thumb02-300x200.png" class="attachment-medium size-medium wp-image-646" alt="" srcset="https://parlamentario-iberoamericano.org/wp-content/uploads/2022/03/thumb02-300x200.png 300w, https://parlamentario-iberoamericano.org/wp-content/uploads/2022/03/thumb02-768x512.png 768w, https://parlamentario-iberoamericano.org/wp-content/uploads/2022/03/thumb02.png 930w" sizes="(max-width: 300px) 100vw, 300px" />
            </div>
        </div><div class="eael-entry-wrapper"><header class="eael-entry-header"><h2 class="eael-entry-title"><a class="eael-grid-post-link" href="https://parlamentario-iberoamericano.org/?p=643" title="Lanzamiento del Libro: Covid-19 y Estados en acción">Lanzamiento del Libro: Covid-19 y Estados en acción</a></h2></header><div class="eael-entry-content">
                        <div class="eael-grid-post-excerpt"><p>Lanzamiento del Libro: Covid-19 y Estados en acción Desde el Programa Estado de Derecho para Latinoamérica de la Fundación Konrad Adenauer, junto con la editorial Tirant</p><a href="https://parlamentario-iberoamericano.org/?p=643" class="eael-post-elements-readmore-btn">Leer Más</a></div>
                    </div></div></div>
        </div>
    </article></div>
            <div class="clearfix"></div>
        </div>				</div>
				</div>
					</div>
		</div>
					</div>
		</section>
				</div>

<p>Novedades Santiago es la primera provincia del NOA en implementar el juicio oral penal de forma virtual Santiago es la primera provincia del NOA en implementar el juicio oral penal de forma virtual 29/04/2020 – Este miércoles se realizó una audiencia virtual donde Leer Más Lanzamiento del Libro: Covid-19 y Estados en acción Lanzamiento del&hellip;&nbsp;<a href="https://parlamentario-iberoamericano.org/?p=643" rel="bookmark">Leer más &raquo;<span class="screen-reader-text">Lanzamiento del Libro: Covid-19 y Estados en acción</span></a></p>
