{"id":36,"date":"2022-02-20T03:14:43","date_gmt":"2022-02-20T03:14:43","guid":{"rendered":"https:\/\/claip.org\/prueba\/?page_id=36"},"modified":"2022-09-21T23:17:10","modified_gmt":"2022-09-21T23:17:10","slug":"home","status":"publish","type":"page","link":"https:\/\/parlamentario-iberoamericano.org\/","title":{"rendered":"Home"},"content":{"rendered":"\t\t<div data-elementor-type=\"wp-page\" data-elementor-id=\"36\" class=\"elementor elementor-36\">\n\t\t\t\t\t\t<section class=\"elementor-section elementor-top-section elementor-element elementor-element-8c51b55 elementor-section-boxed elementor-section-height-default elementor-section-height-default\" data-id=\"8c51b55\" data-element_type=\"section\" data-e-type=\"section\">\n\t\t\t\t\t\t<div class=\"elementor-container elementor-column-gap-default\">\n\t\t\t\t\t<div class=\"elementor-column elementor-col-100 elementor-top-column elementor-element elementor-element-5bf9c8d\" data-id=\"5bf9c8d\" data-element_type=\"column\" data-e-type=\"column\">\n\t\t\t<div class=\"elementor-widget-wrap elementor-element-populated\">\n\t\t\t\t\t\t<div class=\"elementor-element elementor-element-6c20c13 elementor-widget elementor-widget-spacer\" data-id=\"6c20c13\" data-element_type=\"widget\" data-e-type=\"widget\" data-widget_type=\"spacer.default\">\n\t\t\t\t<div class=\"elementor-widget-container\">\n\t\t\t\t\t\t\t<div class=\"elementor-spacer\">\n\t\t\t<div class=\"elementor-spacer-inner\"><\/div>\n\t\t<\/div>\n\t\t\t\t\t\t<\/div>\n\t\t\t\t<\/div>\n\t\t\t\t\t<\/div>\n\t\t<\/div>\n\t\t\t\t\t<\/div>\n\t\t<\/section>\n\t\t\t\t<section class=\"elementor-section elementor-top-section elementor-element elementor-element-643399b elementor-section-boxed elementor-section-height-default elementor-section-height-default\" data-id=\"643399b\" data-element_type=\"section\" data-e-type=\"section\">\n\t\t\t\t\t\t<div class=\"elementor-container elementor-column-gap-default\">\n\t\t\t\t\t<div class=\"elementor-column elementor-col-50 elementor-top-column elementor-element elementor-element-b8e5aaf\" data-id=\"b8e5aaf\" data-element_type=\"column\" data-e-type=\"column\">\n\t\t\t<div class=\"elementor-widget-wrap elementor-element-populated\">\n\t\t\t\t\t\t<div class=\"elementor-element elementor-element-1daff7e elementor-position-top elementor-widget elementor-widget-image-box\" data-id=\"1daff7e\" data-element_type=\"widget\" data-e-type=\"widget\" data-widget_type=\"image-box.default\">\n\t\t\t\t<div class=\"elementor-widget-container\">\n\t\t\t\t\t<div class=\"elementor-image-box-wrapper\"><figure class=\"elementor-image-box-img\"><img fetchpriority=\"high\" decoding=\"async\" width=\"1080\" height=\"720\" src=\"https:\/\/parlamentario-iberoamericano.org\/wp-content\/uploads\/2022\/08\/PHOTO-2019-11-25-12-01-37.jpg\" class=\"attachment-full size-full wp-image-1638\" alt=\"&quot;La H. Legislatura de la Ciudad Aut\u00f3noma de Buenos Aires ha otorgado un Diploma de Reconocimiento al Instituto Iberoamericano de Derecho Parlamentario con motivo de su creaci\u00f3n (Resoluci\u00f3n 6\/2020)&quot;\" srcset=\"https:\/\/parlamentario-iberoamericano.org\/wp-content\/uploads\/2022\/08\/PHOTO-2019-11-25-12-01-37.jpg 1080w, https:\/\/parlamentario-iberoamericano.org\/wp-content\/uploads\/2022\/08\/PHOTO-2019-11-25-12-01-37-300x200.jpg 300w, https:\/\/parlamentario-iberoamericano.org\/wp-content\/uploads\/2022\/08\/PHOTO-2019-11-25-12-01-37-1024x683.jpg 1024w, https:\/\/parlamentario-iberoamericano.org\/wp-content\/uploads\/2022\/08\/PHOTO-2019-11-25-12-01-37-768x512.jpg 768w, https:\/\/parlamentario-iberoamericano.org\/wp-content\/uploads\/2022\/08\/PHOTO-2019-11-25-12-01-37-930x620.jpg 930w\" sizes=\"(max-width: 1080px) 100vw, 1080px\" \/><\/figure><div class=\"elementor-image-box-content\"><h4 class=\"elementor-image-box-title\"> \"La H. Legislatura de la Ciudad Aut\u00f3noma de Buenos Aires ha otorgado  un Diploma de Reconocimiento al Instituto Iberoamericano de Derecho Parlamentario  con motivo de su creaci\u00f3n (Resoluci\u00f3n 6\/2020)\"<\/h4><\/div><\/div>\t\t\t\t<\/div>\n\t\t\t\t<\/div>\n\t\t\t\t\t<\/div>\n\t\t<\/div>\n\t\t\t\t<div class=\"elementor-column elementor-col-50 elementor-top-column elementor-element elementor-element-c0ef9ba\" data-id=\"c0ef9ba\" data-element_type=\"column\" data-e-type=\"column\">\n\t\t\t<div class=\"elementor-widget-wrap elementor-element-populated\">\n\t\t\t\t\t\t<div class=\"elementor-element elementor-element-e986d49 elementor-widget elementor-widget-text-editor\" data-id=\"e986d49\" data-element_type=\"widget\" data-e-type=\"widget\" data-widget_type=\"text-editor.default\">\n\t\t\t\t<div class=\"elementor-widget-container\">\n\t\t\t\t\t\t\t\t\t<h1><span style=\"color: #800000;\">Instituto Iberoamericano de Derecho Parlamentario<\/span><\/h1><p>Convocados por la C\u00e1mara de Diputados de la provincia de Santiago del Estero (Argentina), a instancia de la Asociaci\u00f3n Argentina de Derecho Parlamentario y del Instituto de Derecho Parlamentario de la Universidad Complutense de Madrid, se reunieron el d\u00eda 22 de noviembre de 2019 en la sede de esa Legislatura provincial, representantes de instituciones de Brasil, Espa\u00f1a, M\u00e9xico, El Salvador, Per\u00fa, Portugal y Argentina que, animadas con el esp\u00edritu de promover el valor e importancia de los Parlamentos como instituci\u00f3n representativa basilar del Estado Constitucional de Derecho y de fortalecer al Parlamento para la cimentaci\u00f3n de una aut\u00e9ntica Democracia, acordaron fundar el INSTITUTO IBEROAMERICANO DE DERECHO PARLAMENTARIO cuya finalidad es el estudio e investigaci\u00f3n sobre el Parlamento y el Derecho Parlamentario y la reflexi\u00f3n y an\u00e1lisis de las experiencias y pr\u00e1cticas parlamentarias comparadas en el espacio iberoamericano y universal<\/p>\t\t\t\t\t\t\t\t<\/div>\n\t\t\t\t<\/div>\n\t\t\t\t\t<\/div>\n\t\t<\/div>\n\t\t\t\t\t<\/div>\n\t\t<\/section>\n\t\t\t\t<\/div>\n\t\t","protected":false},"excerpt":{"rendered":"<p>&#8220;La H. Legislatura de la Ciudad Aut\u00f3noma de Buenos Aires ha otorgado un Diploma de Reconocimiento al Instituto Iberoamericano de Derecho Parlamentario con motivo de su creaci\u00f3n (Resoluci\u00f3n 6\/2020)&#8221; Instituto Iberoamericano de Derecho Parlamentario Convocados por la C\u00e1mara de Diputados de la provincia de Santiago del Estero (Argentina), a instancia de la Asociaci\u00f3n Argentina de&hellip;&nbsp;<a href=\"https:\/\/parlamentario-iberoamericano.org\/\" rel=\"bookmark\">Leer m\u00e1s &raquo;<span class=\"screen-reader-text\">Home<\/span><\/a><\/p>\n","protected":false},"author":2,"featured_media":0,"parent":0,"menu_order":0,"comment_status":"closed","ping_status":"closed","template":"page-templates\/template-pagebuilder-full-width.php","meta":{"neve_meta_sidebar":"","neve_meta_container":"","neve_meta_enable_content_width":"off","neve_meta_content_width":100,"neve_meta_title_alignment":"","neve_meta_author_avatar":"","neve_post_elements_order":"","neve_meta_disable_header":"","neve_meta_disable_footer":"","neve_meta_disable_title":"","footnotes":""},"class_list":["post-36","page","type-page","status-publish","hentry"],"_links":{"self":[{"href":"https:\/\/parlamentario-iberoamericano.org\/index.php?rest_route=\/wp\/v2\/pages\/36","targetHints":{"allow":["GET"]}}],"collection":[{"href":"https:\/\/parlamentario-iberoamericano.org\/index.php?rest_route=\/wp\/v2\/pages"}],"about":[{"href":"https:\/\/parlamentario-iberoamericano.org\/index.php?rest_route=\/wp\/v2\/types\/page"}],"author":[{"embeddable":true,"href":"https:\/\/parlamentario-iberoamericano.org\/index.php?rest_route=\/wp\/v2\/users\/2"}],"replies":[{"embeddable":true,"href":"https:\/\/parlamentario-iberoamericano.org\/index.php?rest_route=%2Fwp%2Fv2%2Fcomments&post=36"}],"version-history":[{"count":140,"href":"https:\/\/parlamentario-iberoamericano.org\/index.php?rest_route=\/wp\/v2\/pages\/36\/revisions"}],"predecessor-version":[{"id":1857,"href":"https:\/\/parlamentario-iberoamericano.org\/index.php?rest_route=\/wp\/v2\/pages\/36\/revisions\/1857"}],"wp:attachment":[{"href":"https:\/\/parlamentario-iberoamericano.org\/index.php?rest_route=%2Fwp%2Fv2%2Fmedia&parent=36"}],"curies":[{"name":"wp","href":"https:\/\/api.w.org\/{rel}","templated":true}]}}

<div data-elementor-type="wp-page" data-elementor-id="36" class="elementor elementor-36">
						<section class="elementor-section elementor-top-section elementor-element elementor-element-8c51b55 elementor-section-boxed elementor-section-height-default elementor-section-height-default" data-id="8c51b55" data-element_type="section" data-e-type="section">
						<div class="elementor-container elementor-column-gap-default">
					<div class="elementor-column elementor-col-100 elementor-top-column elementor-element elementor-element-5bf9c8d" data-id="5bf9c8d" data-element_type="column" data-e-type="column">
			<div class="elementor-widget-wrap elementor-element-populated">
						<div class="elementor-element elementor-element-6c20c13 elementor-widget elementor-widget-spacer" data-id="6c20c13" data-element_type="widget" data-e-type="widget" data-widget_type="spacer.default">
				<div class="elementor-widget-container">
							<div class="elementor-spacer">
			<div class="elementor-spacer-inner"></div>
		</div>
						</div>
				</div>
					</div>
		</div>
					</div>
		</section>
				<section class="elementor-section elementor-top-section elementor-element elementor-element-643399b elementor-section-boxed elementor-section-height-default elementor-section-height-default" data-id="643399b" data-element_type="section" data-e-type="section">
						<div class="elementor-container elementor-column-gap-default">
					<div class="elementor-column elementor-col-50 elementor-top-column elementor-element elementor-element-b8e5aaf" data-id="b8e5aaf" data-element_type="column" data-e-type="column">
			<div class="elementor-widget-wrap elementor-element-populated">
						<div class="elementor-element elementor-element-1daff7e elementor-position-top elementor-widget elementor-widget-image-box" data-id="1daff7e" data-element_type="widget" data-e-type="widget" data-widget_type="image-box.default">
				<div class="elementor-widget-container">
					<div class="elementor-image-box-wrapper"><figure class="elementor-image-box-img"><img fetchpriority="high" decoding="async" width="1080" height="720" src="https://parlamentario-iberoamericano.org/wp-content/uploads/2022/08/PHOTO-2019-11-25-12-01-37.jpg" class="attachment-full size-full wp-image-1638" alt="&quot;La H. Legislatura de la Ciudad Autónoma de Buenos Aires ha otorgado un Diploma de Reconocimiento al Instituto Iberoamericano de Derecho Parlamentario con motivo de su creación (Resolución 6/2020)&quot;" srcset="https://parlamentario-iberoamericano.org/wp-content/uploads/2022/08/PHOTO-2019-11-25-12-01-37.jpg 1080w, https://parlamentario-iberoamericano.org/wp-content/uploads/2022/08/PHOTO-2019-11-25-12-01-37-300x200.jpg 300w, https://parlamentario-iberoamericano.org/wp-content/uploads/2022/08/PHOTO-2019-11-25-12-01-37-1024x683.jpg 1024w, https://parlamentario-iberoamericano.org/wp-content/uploads/2022/08/PHOTO-2019-11-25-12-01-37-768x512.jpg 768w, https://parlamentario-iberoamericano.org/wp-content/uploads/2022/08/PHOTO-2019-11-25-12-01-37-930x620.jpg 930w" sizes="(max-width: 1080px) 100vw, 1080px" /></figure><div class="elementor-image-box-content"><h4 class="elementor-image-box-title"> "La H. Legislatura de la Ciudad Autónoma de Buenos Aires ha otorgado  un Diploma de Reconocimiento al Instituto Iberoamericano de Derecho Parlamentario  con motivo de su creación (Resolución 6/2020)"</h4></div></div>				</div>
				</div>
					</div>
		</div>
				<div class="elementor-column elementor-col-50 elementor-top-column elementor-element elementor-element-c0ef9ba" data-id="c0ef9ba" data-element_type="column" data-e-type="column">
			<div class="elementor-widget-wrap elementor-element-populated">
						<div class="elementor-element elementor-element-e986d49 elementor-widget elementor-widget-text-editor" data-id="e986d49" data-element_type="widget" data-e-type="widget" data-widget_type="text-editor.default">
				<div class="elementor-widget-container">
									<h1><span style="color: #800000;">Instituto Iberoamericano de Derecho Parlamentario</span></h1><p>Convocados por la Cámara de Diputados de la provincia de Santiago del Estero (Argentina), a instancia de la Asociación Argentina de Derecho Parlamentario y del Instituto de Derecho Parlamentario de la Universidad Complutense de Madrid, se reunieron el día 22 de noviembre de 2019 en la sede de esa Legislatura provincial, representantes de instituciones de Brasil, España, México, El Salvador, Perú, Portugal y Argentina que, animadas con el espíritu de promover el valor e importancia de los Parlamentos como institución representativa basilar del Estado Constitucional de Derecho y de fortalecer al Parlamento para la cimentación de una auténtica Democracia, acordaron fundar el INSTITUTO IBEROAMERICANO DE DERECHO PARLAMENTARIO cuya finalidad es el estudio e investigación sobre el Parlamento y el Derecho Parlamentario y la reflexión y análisis de las experiencias y prácticas parlamentarias comparadas en el espacio iberoamericano y universal</p>								</div>
				</div>
					</div>
		</div>
					</div>
		</section>
				</div>

<p>&#8220;La H. Legislatura de la Ciudad Autónoma de Buenos Aires ha otorgado un Diploma de Reconocimiento al Instituto Iberoamericano de Derecho Parlamentario con motivo de su creación (Resolución 6/2020)&#8221; Instituto Iberoamericano de Derecho Parlamentario Convocados por la Cámara de Diputados de la provincia de Santiago del Estero (Argentina), a instancia de la Asociación Argentina de&hellip;&nbsp;<a href="https://parlamentario-iberoamericano.org/" rel="bookmark">Leer más &raquo;<span class="screen-reader-text">Home</span></a></p>
